 the prime factors of 537627.
3, 179209
List the prime factors of 678792.
2, 3, 28283
What are the prime factors of 32351414?
2, 19, 29, 31, 947
List the prime factors of 345756.
2, 3, 28813
What are the prime factors of 2219189?
7, 79, 4013
List the prime factors of 3906588.
2, 3, 7, 46507
List the prime factors of 471751.
7, 19, 3547
List the prime factors of 2919076.
2, 47, 15527
What are the prime factors of 1590944?
2, 83, 599
What are the prime factors of 1765047?
3, 31, 18979
List the prime factors of 20349092.
2, 103, 49391
List the prime factors of 285653.
331, 863
What are the prime factors of 4147380?
2, 3, 5, 23041
What are the prime factors of 3426347?
47, 72901
What are the prime factors of 782152?
2, 7, 13967
List the prime factors of 913694.
2, 31, 14737
List the prime factors of 24423514.
2, 12211757
List the prime factors of 679087.
679087
What are the prime factors of 16727663?
37, 293, 1543
List the prime factors of 10322177.
10322177
List the prime factors of 102627.
3, 7, 181
What are the prime factors of 367721?
367721
List the prime factors of 4347274.
2, 17, 29, 4409
List the prime factors of 24220718.
2, 37, 327307
List the prime factors of 14120515.
5, 19, 7823
List the prime factors of 989892.
2, 3, 31, 887
List the prime factors of 20965706.
2, 10482853
What are the prime factors of 239647?
19, 12613
What are the prime factors of 484555?
5, 96911
List the prime factors of 256307.
256307
What are the prime factors of 369605?
5, 29, 2549
List the prime factors of 1507315.
5, 301463
What are the prime factors of 215154?
2, 3, 11953
List the prime factors of 3076115.
5, 7, 179, 491
List the prime factors of 407246.
2, 7, 19, 1531
What are the prime factors of 377318?
2, 83, 2273
What are the prime factors of 358273?
358273
List the prime factors of 83230.
2, 5, 7, 29, 41
What are the prime factors of 23876676?
2, 3, 663241
What are the prime factors of 742201?
742201
What are the prime factors of 362568?
2, 3, 15107
List the prime factors of 19825644.
2, 3, 1652137
List the prime factors of 9339855.
3, 5, 7, 88951
What are the prime factors of 215216?
2, 13451
What are the prime factors of 2430184?
2, 17, 107, 167
List the prime factors of 40876264.
2, 11, 13, 35731
What are the prime factors of 3085242?
2, 3, 211, 2437
What are the prime factors of 30936?
2, 3, 1289
What are the prime factors of 12320435?
5, 2464087
List the prime factors of 859420.
2, 5, 97, 443
What are the prime factors of 189733?
189733
List the prime factors of 1511219.
29, 31, 41
List the prime factors of 26217683.
26217683
What are the prime factors of 40449?
3, 97, 139
What are the prime factors of 305813?
17, 17989
List the prime factors of 12836627.
179, 71713
List the prime factors of 28033.
17, 97
List the prime factors of 849488.
2, 53093
List the prime factors of 613702.
2, 83, 3697
What are the prime factors of 465545?
5, 17, 5477
What are the prime factors of 3399126?
2, 3, 566521
List the prime factors of 3990504.
2, 3, 7, 23753
List the prime factors of 1377301.
191, 7211
List the prime factors of 389841.
3, 199, 653
List the prime factors of 32760.
2, 3, 5, 7, 13
What are the prime factors of 8250434?
2, 337, 12241
List the prime factors of 171393.
3, 57131
List the prime factors of 1211685.
3, 5, 80779
List the prime factors of 15418985.
5, 163, 18919
What are the prime factors of 4278147?
3, 991, 1439
What are the prime factors of 979638?
2, 3, 11, 14843
What are the prime factors of 326846?
2, 13, 967
List the prime factors of 317028.
2, 3, 29, 911
What are the prime factors of 174238?
2, 87119
What are the prime factors of 134308?
2, 33577
List the prime factors of 338763.
3, 112921
What are the prime factors of 327737?
327737
List the prime factors of 19600.
2, 5, 7
What are the prime factors of 166738?
2, 11, 13, 53
What are the prime factors of 892285?
5, 23, 7759
What are the prime factors of 11201083?
11201083
List the prime factors of 4596818.
2, 2298409
What are the prime factors of 883491?
3, 7, 42071
List the prime factors of 1610978.
2, 607, 1327
What are the prime factors of 18299422?
2, 9149711
What are the prime factors of 333483?
3, 89, 1249
List the prime factors of 236717.
13, 131, 139
List the prime factors of 622896.
2, 3, 19, 683
List the prime factors of 17162315.
5, 89, 38567
List the prime factors of 7570093.
7570093
What are the prime factors of 6661742?
2, 19, 175309
What are the prime factors of 9333866?
2, 193, 24181
List the prime factors of 1955646.
2, 3, 7, 11, 17, 83
What are the prime factors of 513665?
5, 19, 5407
What are the prime factors of 7723268?
2, 7, 101, 2731
What are the prime factors of 1721906?
2, 37, 23269
List the prime factors of 341346.
2, 3, 56891
What are the prime factors of 2106152?
2, 263269
What are the prime factors of 1657228?
2, 17, 24371
List the prime factors of 498363.
3, 283, 587
What are the prime factors of 8421426?
2, 3, 13, 17, 29, 73
List the prime factors of 7317788.
2, 193, 9479
List the prime factors of 2094940.
2, 5, 19, 37, 149
What are the prime factors of 11929256?
2, 1491157
What are the prime factors of 2925479?
17, 37, 4651
What are the prime factors of 2664706?
2, 11, 121123
What are the prime factors of 1871904?
2, 3, 17, 31, 37
List the prime factors of 3907106.
2, 7, 73, 3823
List the prime factors of 771063.
3, 31, 8291
List the prime factors of 916697.
491, 1867
List the prime factors of 7229812.
2, 1807453
List the prime factors of 103823.
47
List the prime factors of 2143490.
2, 5, 71, 3019
What are the prime factors of 1097722?
2, 548861
List the prime factors of 10959763.
2459, 4457
What are the prime factors of 39874111?
23, 251, 6907
List the prime factors of 7120.
2, 5, 89
What are the prime factors of 9582609?
3, 1409, 2267
What are the prime factors of 17276217?
3, 7, 71, 11587
List the prime factors of 1237664.
2, 38677
What are the prime factors of 5383966?
2, 7, 29, 89, 149
List the prime factors of 8761380.
2, 3, 5, 146023
List the prime factors of 299132.
2, 17, 53, 83
What are the prime factors of 26879?
26879
List the prime factors of 2024702.
2, 83, 12197
What are the prime factors of 9299191?
11, 845381
List the prime factors of 1679464.
2, 17, 53, 233
What are the prime factors of 163816?
2, 20477
What are the prime factors of 971289?
3, 11, 9811
What are the prime factors of 6244440?
2, 3, 5, 17, 3061
What are the prime factors of 1824583?
1824583
List the prime factors of 421152.
2, 3, 41, 107
List the prime factors of 783927.
3, 87103
List the prime factors of 2673238.
2, 1336619
What are the prime factors of 1438089?
3, 137, 3499
What are the prime factors of 269361?
3, 173
List the prime factors of 1260770.
2, 5, 7, 31, 83
What are the prime factors of 1517357?
31, 48947
List the prime factors of 4044148.
2, 1011037
List the prime factors of 11625693.
3, 157, 24683
List the prime factors of 7918414.
2, 7, 109, 5189
List the prime factors of 2915165.
5, 11, 53003
List the prime factors of 5800598.
2, 41, 127, 557
List the prime factors of 95917.
95917
What are the prime factors of 14142748?
2, 3535687
List the prime factors of 18594679.
53, 350843
List the prime factors of 6560657.
17, 101, 3821
What are the prime factors of 149966?
2, 167, 449
What are the prime factors of 2193247?
7, 313321
List the prime factors of 13159219.
13159219
List the prime factors of 193341.
3, 17, 223
List the prime factors of 1223943.
3, 7, 167, 349
What are the prime factors of 399965?
5, 167, 479
What are the prime factors of 18700303?
67, 279109
What are the prime factors of 2774807?
7, 29, 13669
List the prime factors of 3480714.
2, 3, 193373
List the prime factors of 593286.
2, 3, 61, 1621
List the prime factors of 15129750.
2, 3, 5, 20173
List the prime factors of 17850.
2, 3, 5, 7, 17
What are the prime factors of 475806?
2, 3, 79301
List the prime factors of 16847393.
16847393
List the prime factors of 930612.
2, 3, 77551
List the prime factors of 362278.
2, 7, 113, 229
List the prime factors of 5861694.
2, 3, 53, 18433
List the prime factors of 1024846.
2, 107, 4789
List the prime factors of 7588217.
7, 13, 61, 1367
What are the prime factors of 1426240?
2, 5, 4457
List the prime factors of 228773.
228773
List the prime factors of 